 remainder when 184251 is divided by 7220?
3751
What is the remainder when 249530 is divided by 2354?
6
Calculate the remainder when 9411054 is divided by 427763.
268
Calculate the remainder when 260859456 is divided by 34.
32
What is the remainder when 5695534 is divided by 33?
31
What is the remainder when 55356 is divided by 4593?
240
Calculate the remainder when 6098602 is divided by 6946.
14
Calculate the remainder when 20765115 is divided by 61254.
9
What is the remainder when 256364 is divided by 21150?
2564
Calculate the remainder when 222029 is divided by 110845.
339
What is the remainder when 179630 is divided by 89560?
510
What is the remainder when 104955701 is divided by 694?
693
What is the remainder when 550322 is divided by 306?
134
Calculate the remainder when 2189118 is divided by 5776.
14
Calculate the remainder when 7775474 is divided by 72.
50
What is the remainder when 5698067 is divided by 1831?
1826
What is the remainder when 31936615 is divided by 17?
7
Calculate the remainder when 3684187 is divided by 17712.
91
Calculate the remainder when 1864727 is divided by 266389.
4
Calculate the remainder when 104019 is divided by 19904.
4499
What is the remainder when 1054083 is divided by 1054058?
25
Calculate the remainder when 367409 is divided by 4128.
17
Calculate the remainder when 42683817 is divided by 21341893.
31
Calculate the remainder when 56163964 is divided by 719.
717
What is the remainder when 814505 is divided by 9362?
11
Calculate the remainder when 1235322 is divided by 273.
270
Calculate the remainder when 4037637 is divided by 4818.
153
What is the remainder when 352550 is divided by 58711?
284
What is the remainder when 694499 is divided by 2919?
2696
What is the remainder when 2068048 is divided by 121645?
83
What is the remainder when 35539 is divided by 2015?
1284
Calculate the remainder when 3011564 is divided by 6367.
6340
Calculate the remainder when 89238737 is divided by 50.
37
Calculate the remainder when 362313 is divided by 139.
79
What is the remainder when 43150 is divided by 491?
433
Calculate the remainder when 5224805 is divided by 23.
10
What is the remainder when 4050294 is divided by 7700?
94
Calculate the remainder when 52855 is divided by 10519.
260
Calculate the remainder when 437424658 is divided by 20.
18
What is the remainder when 441188 is divided by 219595?
1998
Calculate the remainder when 2648232 is divided by 1324076.
80
Calculate the remainder when 35199 is divided by 16889.
1421
What is the remainder when 36696 is divided by 2614?
100
Calculate the remainder when 6980157 is divided by 1163357.
15
What is the remainder when 3570679 is divided by 446?
3
What is the remainder when 136521 is divided by 2395?
6
What is the remainder when 189834932 is divided by 23?
16
What is the remainder when 48981964 is divided by 12245453?
152
What is the remainder when 24705597 is divided by 4524?
33
What is the remainder when 2916056 is divided by 37?
12
What is the remainder when 1272858 is divided by 1400?
258
What is the remainder when 459343 is divided by 76555?
13
Calculate the remainder when 48550477 is divided by 90.
67
What is the remainder when 483369 is divided by 77?
40
What is the remainder when 21883551 is divided by 57?
54
What is the remainder when 2346314 is divided by 273?
152
Calculate the remainder when 2304142 is divided by 24.
22
What is the remainder when 55866 is divided by 1436?
1298
Calculate the remainder when 1292997 is divided by 487.
12
Calculate the remainder when 182757 is divided by 1976.
965
Calculate the remainder when 142196 is divided by 1639.
1242
What is the remainder when 79170726 is divided by 3958534?
46
Calculate the remainder when 223312 is divided by 110870.
1572
What is the remainder when 5801596 is divided by 5801595?
1
What is the remainder when 2284407 is divided by 2284003?
404
What is the remainder when 8630927 is divided by 108?
107
What is the remainder when 423606 is divided by 423405?
201
Calculate the remainder when 1438798 is divided by 57.
4
What is the remainder when 237128982 is divided by 92?
86
Calculate the remainder when 2716180 is divided by 3779.
2858
What is the remainder when 25571 is divided by 6209?
735
Calculate the remainder when 15857695 is divided by 5285861.
112
Calculate the remainder when 258546 is divided by 2056.
1546
What is the remainder when 600136 is divided by 274?
76
Calculate the remainder when 65727 is divided by 32826.
75
What is the remainder when 48174317 is divided by 22?
15
Calculate the remainder when 497109 is divided by 4212.
93
Calculate the remainder when 21341138 is divided by 123.
23
What is the remainder when 27438 is divided by 6708?
606
Calculate the remainder when 17814 is divided by 2060.
1334
Calculate the remainder when 238241 is divided by 59551.
37
Calculate the remainder when 7798809 is divided by 2599537.
198
What is the remainder when 279181 is divided by 4999?
4236
Calculate the remainder when 2722975 is divided by 544589.
30
What is the remainder when 60297 is divided by 489?
150
What is the remainder when 490255 is divided by 6117?
895
What is the remainder when 448047 is divided by 249?
96
Calculate the remainder when 35170198 is divided by 668.
666
What is the remainder when 1886493 is divided by 2329?
3
Calculate the remainder when 42618 is divided by 425.
118
Calculate the remainder when 17971586 is divided by 3178.
3174
What is the remainder when 18309826 is divided by 93?
79
What is the remainder when 1357053 is divided by 96?
93
Calculate the remainder when 78704 is divided by 831.
590
Calculate the remainder when 4834425 is divided by 589.
502
Calculate the remainder when 783738789 is divided by 101.
100
Calculate the remainder when 127692210 is divided by 58953.
12
What is the remainder when 35620 is divided by 6306?
4090
Calculate the remainder when 1384732 is divided by 1384712.
20
What is the remainder when 529705 is divided by 11029?
313
Calculate the remainder when 42923 is divided by 1606.
1167
What is the remainder when 42545382 is divided by 8940?
8862
What is the remainder when 34615987 is divided by 123?
97
Calculate the remainder when 1800638 is divided by 600203.
29
What is the remainder when 51504 is divided by 4481?
2213
What is the remainder when 384097 is divided by 93732?
9169
What is the remainder when 23173609 is divided by 830?
9
What is the remainder when 8989239 is divided by 1123642?
103
Calculate the remainder when 346878 is divided by 26676.
90
What is the remainder when 160840 is divided by 11?
9
What is the remainder when 89058 is divided by 2171?
47
Calculate the remainder when 63626 is divided by 60.
26
What is the remainder when 1052428 is divided by 137?
131
Calculate the remainder when 887063 is divided by 7391.
143
What is the remainder when 163684 is divided by 54095?
1399
Calculate the remainder when 1997814 is divided by 2973.
2931
What is the remainder when 4792505 is divided by 25766?
29
Calculate the remainder when 39697514 is divided by 82.
2
Calculate the remainder when 202102 is divided by 914.
108
What is the remainder when 97205 is divided by 24202?
397
What is the remainder when 1056568 is divided by 96051?
7
What is the remainder when 210176 is divided by 2919?
8
Calculate the remainder when 27570 is divided by 466.
76
Calculate the remainder when 47793 is divided by 23721.
351
Calculate the remainder when 841088 is divided by 1120.
1088
Calculate the remainder when 26304 is divided by 471.
399
Calculate the remainder when 1095374 is divided by 5.
4
What is the remainder when 2021289 is divided by 1010636?
17
Calculate the remainder when 668561 is divided by 356.
349
What is the remainder when 111712 is divided by 321?
4
What is the remainder when 4157281 is divided by 4157245?
36
Calculate the remainder when 46576430 is divided by 163.
158
Calculate the remainder when 6147221 is divided by 489.
2
Calculate the remainder when 223517 is divided by 54188.
6765
Calculate the remainder when 338189 is divided by 48308.
33
What is the remainder when 12347617 is divided by 1870?
7
What is the remainder when 316833581 is divided by 16?
13
What is the remainder when 339266 is divided by 48087?
2657
Calculate the remainder when 7